= -m**3 - 7*m**2 - 4*m. Let p be 2766/(-12)*2 + 3. Let y = p + 453. Determine r(y).
-30
Let z(k) be the second derivative of k**5/20 - 7*k**4/12 + 11*k**3/6 - 9*k**2/2 - 2*k + 1165. Determine z(4).
-13
Let k(y) = -246*y**2 - 177*y**2 - 86 - 51*y + 425*y**2. Determine k(27).
-5
Let d(x) = 17*x + 73 + 15*x + 16*x - 57*x. Calculate d(7).
10
Let s(g) = 22*g - 31. Let j be s(3). Let q(a) = j*a + 5*a - 6*a. What is q(-1)?
-34
Let j(b) be the third derivative of -b**4/12 + b**3/2 - 3*b**2. Let p(d) = -182*d + 6. Let w be p(1). Let f = w - -181. Calculate j(f).
-7
Let b = 56 + -54. Let x(v) = 41207*v + 18*v**3 - 41207*v - 1 + v**b. What is x(1)?
18
Let f(s) = s**3 + 9*s**2 + 7*s - 5. Let x(z) = -z**3 + 13*z**2 - 8*z - 45. Let a be x(11). Let h = -117 + a. What is f(h)?
3
Let l = 45 + -36. Suppose 0 = -v + l - 4. Let m be (v - 2)*16/6. Let b(z) = z**2 - 8*z - 2. Calculate b(m).
-2
Let v(q) = -q**3 + 4*q**2 - q - 3. Let d(h) = 17*h + 2. Let g be d(-1). Let t(b) = b + 18. Let x be t(g). Suppose x*y = y + 8. Determine v(y).
-7
Let c(h) = h + 2. Let t be c(-4). Let n(u) = 7*u + 13. Let i = 160 + -156. Let y(b) = 2*b + 3. Let z(v) = i*n(v) - 18*y(v). Calculate z(t).
14
Let n = -6075 - -6078. Let b(o) be the first derivative of -4*o - 2*o**2 + 1/3*o**n - 10. Calculate b(5).
1
Let c(x) be the third derivative of x**6/120 + x**5/30 - 7*x**4/24 - 4*x**3/3 - 2*x**2 - 335. Determine c(-2).
6
Let p(a) = 8*a - 18*a - 10*a - 7*a - 3*a + 3. Give p(1).
-27
Let g(o) be the second derivative of -o**2/2 - o. Let s(v) = 3*v - 6. Let j = -1455 - -1461. Let h(n) = j*g(n) - s(n). Calculate h(3).
-9
Let d(m) = -15*m. Let s(j) = j**3 + 21*j**2 + 16*j - 421. Let x be s(-19). Determine d(x).
45
Suppose -50*d = d + 102. Let g = 16 + -14. Let q(f) = -g*f**2 + 31 + f**2 - 32. What is q(d)?
-5
Let m(c) = -4*c**2 + 2. Let r(k) = -7*k**2 + 139*k - 35. Let l(s) = 2*m(s) + r(s). Give l(9).
5
Suppose -f = i - 11, 4*f - f = 5*i + 1. Let t(d) = 4*d + 6*d - d**2 - f*d + 6*d - 7. Suppose -4*w + 21 = 3*o, 2*w + 218 - 204 = 2*o. Give t(o).
7
Let u(m) = -m - 14. Let f be u(-15). Let l(t) be the third derivative of -3*t**6/40 - t**5/60 + t**3/6 + 725*t**2. Give l(f).
-9
Let j(y) be the first derivative of -26*y**3/3 + y**2 - y - 282. Let z be 6/8 - -4*7/112. Give j(z).
-25
Let x(t) = 191*t - 1. Let g(w) = 169*w - 1. Let v(r) = 9*g(r) - 8*x(r). Let h = 1 + 1. Suppose a = -a - h. What is v(a)?
6
Let d(j) be the first derivative of -j**5/30 - j**4/8 - j**3/3 - 2*j**2 + 21. Let w(h) be the third derivative of d(h). Calculate w(-2).
5
Let z(t) = 29*t - 21. Let m(x) = -5*x. Let p(r) = -3*m(r) - z(r). Give p(7).
-77
Let g(r) be the first derivative of 3*r**2/2 - 16*r + 71. What is g(12)?
20
Let j(t) = -t**3 + 10*t**2 - 8*t - 2. Let x(m) = -2*m + 7. Let y = 26 - 24. Let h be x(y). Suppose -4*u + 4 = 2*b - 26, -9 = h*b. Give j(u).
7
Let q(s) = 86*s + 5. Let b(c) = 17*c + 1. Let p be 4/((-308)/(-100) - 3). Let n = p + -39. Let a(j) = n*b(j) - 2*q(j). Calculate a(-1).
-14
Let w(v) = 4*v - 36. Let m(r) = -4*r + 27. Let t(f) = -4*m(f) - 3*w(f). Determine t(-5).
-20
Let n(f) = 8*f**2 + 9*f - 5. Let a(g) = -14*g**2 - 17*g + 9. Suppose -3*p + 9 = 5*d, p - 18 + 15 = 5*d. Let t(i) = p*a(i) + 5*n(i). Give t(-5).
-18
Suppose 0 = -24452*r + 24510*r - 232. Let x(b) = -b**3 + 5*b**2 + 42*b - 172. Determine x(r).
12
Let c(x) = -727 + 23*x - 177*x**2 + 166*x**2 + 720 + x**3. Determine c(7).
-42
Let o(d) = -d**3 - 11*d**2 - 11*d - 2. Suppose 1700 = -68*u - 102*u. Give o(u).
8
Let w = 13792 + -13788. Let s(z) be the third derivative of -21*z**2 + 0*z + 1/60*z**5 + z**3 + 1/24*z**w + 0. Calculate s(0).
6
Let h(y) = 2*y**2 - 25*y - 5. Let b be (-198)/(-15) + -6 + (-319)/(-55). What is h(b)?
8
Suppose 4*x - 16 = 0, 9*m + x - 30 = 8*m. Let j(q) = -12*q + 2 - 9*q + m*q + 4. Give j(-3).
-9
Let y(k) = -5*k**3 - 61*k**2 + 76*k - 12. Let n(m) = -m**3 - 12*m**2 + 15*m - 2. Let p(w) = 31*n(w) - 6*y(w). Calculate p(-7).
-4
Let o(p) = 7*p**3 + 4*p**2 - 6*p - 13. Let z(f) = 27*f**3 + 16*f**2 - 24*f - 51. Let h(n) = -23*o(n) + 6*z(n). Suppose -s = 2*s + 15. What is h(s)?
-2
Let y(p) = p**3 + 4*p**2 + 4. Suppose -4*n - 139 = -3*j - 47, -2*n - 32 = -j. Let r = 31 - j. Suppose -4*a - r*x + 0*x = 15, -5*x = -5*a - 10. What is y(a)?
13
Let a be -14 + (1530/(-10))/(-9). Let g(j) = 6*j + 5. Determine g(a).
23
Let n(s) = -4*s**2 + s + 1. Let i = 233 - 227. Let w be 3 + (-2)/(i - 4). What is n(w)?
-13
Suppose -b - b - 4*g = -6, 0 = -3*b - 4*g + 3. Let f(h) = -h**2 + 2*h - 2. Calculate f(b).
-17
Let y = -1774 - -1708. Suppose 0*w - w - u + 66 = 0, -w + 3*u + 86 = 0. Let z = y + w. Let v(r) = -r**3 + 5*r**2 + 3. Calculate v(z).
3
Let s(u) = -u**2 + 3*u + 1. Let p(m) = m**2 + 3*m + 3. Let h be (-6)/4 - 4/((-32)/(-28)). Let j be p(h). Suppose -6*o + j*o = -14. Give s(o).
-9
Suppose 8*h - 51 = 9*h - 4*h. Let o(d) = 2*d**2 - 40*d + 104. Give o(h).
2
Let a(u) = 6*u**2 + 1. Suppose -298 + 220 = -3*x. Suppose -x*v = -24*v - 4. What is a(v)?
25
Suppose 0 = -76*w + 68*w + 24. Let k be 1/((-5)/20) + w/1. Let l(t) = 14*t**2 - 1. Calculate l(k).
13
Let z(l) be the first derivative of l**4/4 - 7*l**2/2 - l - 1173. What is z(-3)?
-7
Let k(l) = -l**3 - 3*l**2 + 21*l + 3. Let o(w) = -w**2 - 57*w - 116. Let s be o(-2). Calculate k(s).
-15
Let r(s) be the third derivative of s**8/6720 - s**6/720 - 17*s**5/6 + 7*s**2 - 12. Let o(f) be the third derivative of r(f). What is o(-1)?
2
Let f(v) = -13*v + 4. Let u(t) = -t. Let n(y) = f(y) - 6*u(y). Let i = -6999 - -7002. What is n(i)?
-17
Let w(f) = -f**3 - 8*f**2 + 9*f + 2. Suppose 0 = 4*g + 278 - 282. Let v be (-10 + g)/(-50 + 51). Determine w(v).
2
Let p(a) = -11*a - 4. Let o(h) = -60*h - 19. Let t(d) = 2*o(d) - 11*p(d). Give t(3).
9
Let k(d) = -51*d - 1. Let o(a) = 10*a + 147. Let p be o(-12). Suppose -2*r + 11 = 3*g, -4*r = 9*g - 4 - p. Calculate k(r).
-52
Suppose 5*b - 265 = 2*u, 3*b = 4*u + u + 710. Let q = -136 - u. Let d(p) = -p**2 + 10*p - 2. What is d(q)?
7
Suppose -3*y - 5*j = 11, 5*y + 3*j - 4*j = 19. Let c(n) = 5*n - y*n - 173 + 178. Give c(-5).
-5
Let u(j) = j**2 + 11*j - 2. Suppose 13*l - 2420 = -7*l. Suppose 25*z + l = 14*z. Determine u(z).
-2
Let i(l) = -9 - 11 + 1 - l**2 + 18 + 31*l - 8*l. What is i(21)?
41
Suppose 2*j - 17 + 5 = 0. Let v(i) be the third derivative of i**6/120 - i**5/15 - 3*i**4/8 + 7*i**3/6 - 24820*i**2. Give v(j).
25
Let v(x) = -x**3 - 9*x**2 - 13*x - 35. Let g be v(-8). Suppose -5*o + 0 + g = 0. Let k(n) = -24*n**2 + 1. Determine k(o).
-23
Let b(q) = 30*q - 46. Let g(f) = -6*f + 10. Let w(v) = 5*b(v) + 24*g(v). What is w(6)?
46
Let n(i) = 15*i - 56. Let a(u) = -286*u + 1067. Let p(x) = 4*a(x) + 77*n(x). Determine p(4).
0
Suppose 1 = 5*u - 4*l + 2, 0 = -4*u - 2*l + 20. Let k(r) = 2*r**2 + 87*r - 42. Let i be k(-44). Let h(t) = 180*t - 362*t + 2*t**i + 3 + 177*t. Calculate h(u).
6
Suppose 57*g - 59*g + 1119774 = 0. Let b(c) = -g + 559887 - c. Give b(-6).
6
Suppose 26 = 2*d + 5*f, 5*d + 26 - 61 = -5*f. Let b(u) = 5*u**d - 14*u**3 - u**2 + 18 + 8*u**3. Give b(0).
18
Let v(p) = -5*p - 14. Suppose -5*u + 35 = 3*n, -3*u - 637*n + 55 = -642*n. Calculate v(u).
-64
Let u = -355 - -361. Let y(b) = -u + 14*b - 3*b - 4*b - 6*b. Suppose -j + 0*j - 3*o - 12 = 0, 5*j - 5*o - 40 = 0. Give y(j).
-3
Let n(m) be the first derivative of -38 + 3*m + 0*m**2 + 1/3*m**3. What is n(-3)?
12
Let v(a) = -a**2 + 8 + 9*a - 6*a - a + 12*a - 29*a. Give v(-16).
-8
Let n(k) = -37*k**3 + 6*k**2 - 30*k + 7. Let j(u) = 17*u**3 - 3*u**2 + 14*u - 3. Let v(m) = 13*j(m) + 6*n(m). Calculate v(-3).
-3
Let t(u) = -7*u + 84. Let i(p) = 4*p**2 - 1707*p + 3412. Let h be i(2). What is t(h)?
-14
Let d(s) be the third derivative of s**6/120 - s**5/12 - 7*s**4/24 + 5*s**3/3 - 26*s**2 - 62*s. What is d(6)?
4
Let p(k) = -k**2 + 3*k + 3. Suppose 792*m - 2*z = 796*m - 12, 0 = -2*m + 5*z - 30. What is p(m)?
3
Let d be (-2 - (-2472)/(-30)) + 6/15. Let k = -80 - d. Let u(o) be the second derivative of o**3/6 - o**2 + 2*o. Give u(k).
2
Suppose -40 = -65*b + 46 + 174. Let z(j) = -4*j**2 + 11*j + 24. Give z(b).
4
Suppose 3*r = -2*o + 19, -3 = 5*r - 2*o - 8. Let b(u) = -1 - 560*u + 279*u + u**r - 5*u**2 + 276*u. Give b(6).
5
Let r(n) = -n**2 + 9*n - 6. Suppose 0 = 2*l + 2*s + 374, -2*s - 835 + 81 = 4*l. Let x = -184 - l. Calculate r(x).
12
